ided by 20.
19
Suppose b = -5*h + 22, -19 = -b + h + 9. Let s(k) = -4*k**3 + 2*k - 1. Let u be s(1). Let i = u - -17. Calculate the remainder when b is divided by i.
13
Suppose 5*y = 6*y - 88. What is the remainder when y is divided by 10?
8
Let f(u) = -u**2 - 15*u - 3. Calculate the remainder when (90/(-24))/((-3)/16) is divided by f(-14).
9
Let o = 11 + -1. What is the remainder when 30 is divided by o?
0
Suppose -3*t + 6 = 0, 5*l - 2*t = l - 4. Suppose 2*g + l*g - 36 = 0. What is the remainder when g is divided by 10?
8
Suppose -c + 5 + 0 = 0. Calculate the remainder when 8 is divided by c.
3
Let q(l) = l**2 + l - 44. Suppose -z + 0*z = 0. Let h be q(z). Let k = h + 76. Calculate the remainder when k is divided by 11.
10
Let k(m) = m**3 - 17*m**2 + 17*m - 11. Calculate the remainder when 18 is divided by k(16).
3
Let f(a) = a**3 + 14*a**2 + 10*a - 10. What is the remainder when 113 is divided by f(-13)?
26
Let h(j) = j**3 - 2*j**2 - 2. Let b = -4 - -7. What is the remainder when h(b) is divided by 2?
1
Suppose 7 + 3 = 2*z. Calculate the remainder when (-14)/(-6)*(z - 2) is divided by 3.
1
Let j(l) be the first derivative of 7*l + 1/3*l**3 + 3*l**2 + 2. What is the remainder when 26 is divided by j(-6)?
5
Let q = -50 + 115. Suppose -4*m + z = -40 - q, -3*m = -4*z - 95. Let c = -17 + m. What is the remainder when c is divided by 3?
2
Let k(n) = -4*n**3 - 3*n**2 + 3. What is the remainder when 135 is divided by k(-2)?
20
Suppose 0 = -3*f - 31 + 1. What is the remainder when 14 is divided by (-18)/15*f/3?
2
Suppose -2*s - 2*r + 70 = 0, 41 = 3*s - 5*r - 32. Suppose 3*f - y - 51 = 0, -5*f - 6*y + y + 65 = 0. Calculate the remainder when s is divided by f.
15
Suppose 0 = 5*u - p - 76, 5*u - 2*p - 58 = 14. Calculate the remainder when 31 is divided by u.
15
Let r = 62 - 44. Calculate the remainder when r is divided by 10.
8
What is the remainder when 9 is divided by (15/6)/(4/8)?
4
What is the remainder when 32 is divided by 158/14 - 50/175?
10
Let w(m) be the third derivative of m**4/4 - m**3/6 - m**2. Let g be w(1). Suppose 0*x = -g*x + 50. Calculate the remainder when x is divided by 4.
2
Let q = 62 - 29. Let h = 16 - 7. Calculate the remainder when q is divided by h.
6
Let p = -23 - -30. What is the remainder when 27 is divided by p?
6
Let a(g) = 37*g + 1. Calculate the remainder when a(2) is divided by 19.
18
Let b be ((-27)/12 + 1)*4. Let i = -10 + 17. What is the remainder when (b + 3 - -16) + -2 is divided by i?
5
Let p = 0 + 7. What is the remainder when 13 is divided by p?
6
Calculate the remainder when (-1 + 0)/(-1) - -18 is divided by ((-33)/12)/((-2)/8).
8
Suppose 5*k + m = 312, 2*m + 285 - 41 = 4*k. What is the remainder when k is divided by 11?
7
Let j(d) = d**2 + 33 - d**3 + 1 + 2 + 0. Calculate the remainder when j(0) is divided by 19.
17
Suppose -v + 3 = -5*t - 2, -5*v = -2*t - 2. Suppose -93 = -3*b - v*b. What is the remainder when b is divided by 11?
9
Let p = 2 + 22. Let l = p - 11. Suppose -4*s = -35 - l. What is the remainder when s is divided by 7?
5
Let a be (8 + (-3 - -2))*1. Let f = a - -5. What is the remainder when 35 is divided by f?
11
Let d(u) = -92*u + 92. Let b(i) = -4*i + 4. Let a(l) = 136*b(l) - 6*d(l). What is the remainder when a(7) is divided by 13?
9
Suppose -224 = -4*y - 5*k - 107, -5*y + 2*k + 105 = 0. What is the remainder when y is divided by 1/(-2) + 27/2?
10
Suppose 5*h - 38 = 57. Suppose 45 = 4*w - h. Calculate the remainder when 47 is divided by w.
15
Suppose -5*p = -3*p - 150. Let d(n) = n**2 + 10*n - 26. What is the remainder when p is divided by d(-13)?
10
Let l be (2 - 108/15)*-10. Suppose -5*v = -48 - l. What is the remainder when 39 is divided by v?
19
Suppose -6 = -r - 0. Let m(x) = x**2 - 5*x + 1. What is the remainder when m(7) is divided by r?
3
Suppose 2*p - 257 = -3*i, -p = -i + 82 + 12. What is the remainder when i is divided by 15?
14
Let z(v) be the first derivative of v**3/3 + 2*v**2 - 8*v - 2. Suppose 3*w - 144 = -3*w. What is the remainder when w is divided by z(-7)?
11
Calculate the remainder when 18/2 + 4*1/2 is divided by 5.
1
Suppose -4*n + 3*n = 4*o - 24, -o + 81 = 4*n. Let p be (1 + -2)/(13/78). Let t = p - -45. Calculate the remainder when t is divided by n.
19
Suppose -6*u + 15 = -u. Calculate the remainder when 3/(-3*u/(-114)) is divided by 20.
18
Let b(u) = u + 4. Suppose 19 = q - 1. Calculate the remainder when q is divided by b(3).
6
Let n be 2/4 - 243/(-6). Suppose 4*o - 5 = -4*b + 47, -3*o - n = -5*b. What is the remainder when b is divided by 4?
2
Let d = -117 - -157. What is the remainder when d is divided by 15?
10
Let k = 36 + 13. Calculate the remainder when k is divided by 13.
10
Let x(z) = -z**3 - 8*z**2 - 9*z - 8. Suppose -6 = 5*f + 4*c + 29, -3*f = -c + 21. Let w = 17 + f. Calculate the remainder when w is divided by x(-7).
4
Calculate the remainder when 78/(-9)*(-3 + 0) is divided by -1 + (-3)/(6/(-16)).
5
Let z = 52 + -36. Calculate the remainder when (184/(-12))/(1/(-3)) is divided by z.
14
Let t(g) = g**2 - 7*g - 6. What is the remainder when 71 is divided by t(10)?
23
Suppose 55 + 77 = 3*w. Calculate the remainder when w is divided by 9.
8
Suppose 9*g - 24 = 5*g. Suppose -2*w + g = 4*b, -w + 0*b - 3*b = 0. Calculate the remainder when 24 is divided by w.
6
Let v(a) = -4*a + 4*a - a**3 + 13 - a. Suppose -22 = -4*r + 2*d - d, -4*r - 4*d = -12. What is the remainder when v(0) is divided by r?
3
Let q = -6 - -10. What is the remainder when 18 is divided by q?
2
Suppose 2 = m + 3*a, 2*m + 24 = 6*m + 4*a. Let w be 7/(-4)*(7 + -3). Let v(s) = -2*s - 11. Calculate the remainder when m is divided by v(w).
2
Suppose 40 = 3*d - d. Let f be (-4)/(-8) - 23/2. Let t = 18 + f. Calculate the remainder when d is divided by t.
6
Suppose -4*d - d = o - 1, -31 = -5*o + d. Let x(h) = -h**3 + 8*h**2 - 10*h + 7. What is the remainder when x(o) is divided by 7?
5
Suppose 5*a = -0*a - 80. Suppose -5*w = 15, 2*o = -2*w - 47 - 29. Let m = a - o. What is the remainder when 56 is divided by m?
18
Let u = 39 + -18. Let s = u - 18. What is the remainder when s is divided by 1?
0
Let d(x) = 2*x**2 + 2*x - 2. Calculate the remainder when d(-4) is divided by (-3)/(-1)*24/9.
6
Let g = -42 - -48. Calculate the remainder when g is divided by 4.
2
Let m(k) = -k**2 + 6*k + 9*k - 5*k - 6. Suppose 3*i = 18 + 15. What is the remainder when m(5) is divided by i?
8
Suppose 0 = 4*f - 2 - 22. What is the remainder when 16 is divided by f?
4
Let n be (924/8)/(1/2). Calculate the remainder when ((-4)/(-3))/(14/n) is divided by 12.
10
Let g(x) = -x**3 + 14*x**2 + 6. What is the remainder when 17 is divided by g(14)?
5
Let h = -2 + 2. Suppose 0*q - 4*q - 27 = -w, 42 = 3*w + q. Suppose -f - 9 = p + f, 3*f + w = h. Calculate the remainder when p is divided by 1.
0
Let y(j) = -j**3 - 5*j**2 - j - 3. Let x be y(-5). Suppose -x*t + t + 17 = 0. What is the remainder when t - (1 + 3 - 3) is divided by 6?
4
Suppose -4*s + 2*f = -188, s - 7*f + 2*f = 29. Calculate the remainder when s is divided by 26.
23
What is the remainder when 119/9 - 40/180 is divided by 6?
1
Let o(z) = 2*z**3 + 4*z**2 + 2*z. Let d = -6 + 4. Let c be o(d). Let h(b) = b**2 + 4*b + 4. What is the remainder when 15 is divided by h(c)?
3
Let j be (-4)/10*-5*1. Suppose -2*z = 4*f - 18, -f - j*z + 27 = 3*z. Calculate the remainder when 3 is divided by f.
1
Let b be 0*1*(0 - 1). Suppose b*s = 3*s - 6. What is the remainder when 5 is divided by s?
1
Suppose -9 = -7*q + 4*q. Let u(c) = -c**3 - 9*c**2 - 7*c - 12. Let a be u(-8). What is the remainder when 1/((-4)/a) + 1 is divided by q?
0
Suppose -5*c - 2 = -h, 0 = 4*h - h + 5*c - 46. Suppose 3*d + h = -0*w - w, -2*w + 3*d = 6. Let i = 8 + w. What is the remainder when i is divided by 1?
0
Suppose -17*s + 16 = -13*s. Let j = -12 - -25. Calculate the remainder when j is divided by s.
1
Let g(i) = 23*i - 2. Let k(h) = -12*h + 1. Let q(o) = -6*g(o) - 11*k(o). Let u = 19 - 22. Calculate the remainder when 73 is divided by q(u).
16
Let i(n) = -n**3 + 6*n**2 - 3*n + 2. Calculate the remainder when i(4) is divided by 12.
10
Suppose -4*b = -4*u - 8, 2*u = -3*b - u + 18. Let c be ((-12)/(-10) - 2)*-5. Suppose -c*q + 28 = 4. What is the remainder when q is divided by b?
2
Let f = -5 + 1. Let v(m) = -5*m - 